 divisor of y and 42?
21
Suppose 5*c - 54 + 142 = 2*p, -4*p = -c - 158. Let d be (3/2)/((-2)/(-468)). Calculate the greatest common factor of p and d.
39
Suppose -4*i = 4*y - 11 + 3, 4*i = 4. Let k = -9 - y. Let d = k - -17. What is the greatest common factor of 1 and d?
1
Suppose -50 = -c - 5*y, 2*c + 16 - 80 = 2*y. Let u = 54 - c. Let h = u + -12. Calculate the greatest common divisor of 56 and h.
7
Let u be ((-56)/12)/(((-16)/(-12))/(-4)). What is the greatest common divisor of 35 and u?
7
Let o(m) = -m + 43. Let q be o(31). What is the highest common factor of 8 and q?
4
Let f(h) = h**3 + 8*h**2 - 8*h - 1. Let n be f(-9). Let b = 19 + n. Calculate the greatest common divisor of b and 3.
3
Suppose -66*u = -70*u + a + 284, u - 52 = 5*a. What is the highest common divisor of u and 396?
36
Suppose 4*r - 5*o - 36 = r, 0 = 3*o. Suppose -26*s + 599 = -25. Calculate the greatest common divisor of r and s.
12
Suppose -430*f + 420*f + 2970 = 0. Let r be 8/(-32) - (-218)/8. Calculate the greatest common divisor of f and r.
27
Suppose 121*j - 115*j - 798 = 0. Calculate the highest common divisor of j and 57.
19
Let r(k) = -k**3 + 8*k**2 - 11*k + 14. Let q be r(6). Suppose -3*i - 2*i = -q. What is the highest common divisor of 36 and i?
4
Suppose 9*u = 16860 + 537. Suppose -u - 1603 = -17*i. What is the greatest common factor of 16 and i?
16
Let q(n) = 253*n**2 + n + 1. Let a be q(-1). Let x be a/2 + (-15)/30. Suppose -2*z - x + 830 = 0. What is the highest common divisor of z and 32?
32
Let q = -10 - -12. Let b = -501 - -507. What is the greatest common factor of b and q?
2
Suppose 22*g + 232 = 2872. What is the highest common factor of 45 and g?
15
Suppose -r - 4*r = 4*s - 520, 3*r - 5*s - 312 = 0. Let f = r + 56. Calculate the highest common factor of 64 and f.
32
Let l = 549 - 528. What is the greatest common factor of l and 56?
7
Let r be (1598/85 - 14)/((-2)/(-15)). Calculate the greatest common divisor of r and 342.
18
Let c(p) = 3*p + 15. Let f be c(9). Suppose l = -2*l + f. What is the highest common divisor of l and 7?
7
Suppose -4*v = 5*g - 660, -4*v - 4*g - 696 = -8*v. What is the highest common divisor of v and 17?
17
Suppose -31*x - 1160 = -60*x. What is the greatest common factor of 190 and x?
10
Suppose -2*b + 878 - 876 = 0. What is the highest common factor of 283 and b?
1
Let s(v) = v**2 + 15*v + 31. Let t be s(-22). What is the highest common divisor of 5 and t?
5
Let v = 61 - 8. Suppose 48*j = v*j - 385. Calculate the highest common divisor of 11 and j.
11
Let y = 30 - 19. Suppose 15*v = y*v + 792. Suppose -3*r + 54 = -0*r. Calculate the highest common factor of r and v.
18
Let z be (-16)/(-120) - (-94)/(-30) - -930. Calculate the greatest common factor of z and 9.
9
Let y = 271 - 150. Let t = y + -100. What is the highest common factor of 42 and t?
21
Let u = 2703 - 2553. What is the greatest common divisor of u and 1550?
50
Let p(z) = -53*z + 11. Let r be p(-4). Suppose 0 = 2*f + r - 553. What is the greatest common factor of f and 66?
33
Let x be ((-26)/(-8) - -1) + 11/(-44). Suppose 44 = x*i - 5*y - 113, -y - 71 = -2*i. What is the highest common divisor of i and 11?
11
Suppose 59 = 3*w + 4*t, t + t = -5*w + 89. Calculate the highest common divisor of 4 and w.
1
Let t be 38/3 + (-2)/3. Let y be (27/(-4))/((-3)/t). Let b(z) = -z**3 - 32*z**2 - 33*z - 53. Let k be b(-31). Calculate the highest common divisor of y and k.
9
Suppose -7 = i - 37. Let g = 182 - 137. What is the greatest common factor of i and g?
15
Let l = -10 - -22. Let y = 9 + -7. Suppose -y*x + 98 = -2*k, x + 32 = 3*k + 83. What is the highest common divisor of l and x?
12
Let d = -17 + 104. Suppose -2*v + 1 = -d. What is the highest common divisor of v and 11?
11
Suppose -7*l - 108 = -269. Suppose -7*o + 2 = 4*p - 2*o, -4*o - l = -5*p. What is the greatest common factor of p and 3?
3
Suppose -i - 560 = -5*i. Suppose 14 = 4*z + g - 71, 4*z + 5*g - 105 = 0. Calculate the greatest common divisor of i and z.
20
Let h(u) = u**2 - 15*u - 5. Let t be h(15). Let l = 6 - t. Let w be -3 + (-504)/(-20) + 2/(-10). What is the highest common divisor of w and l?
11
Let a = -183 - -204. Let h be (-2)/(-3) + (-57)/(-9). What is the highest common factor of a and h?
7
Suppose 3*q - 30 = -2*z, -3*z + 99 = -5*q + 16. Calculate the highest common divisor of 140 and z.
7
Let r(i) be the third derivative of -13*i**4/12 - 13*i**3/6 + 7*i**2 - 2. Let j be r(-1). What is the greatest common factor of 52 and j?
13
Let l be (-75)/(-50) - (-477)/2. What is the highest common factor of 24 and l?
24
Let n be 950/8 + 2/8. Suppose -307 = -17*b - 18. What is the highest common divisor of n and b?
17
Suppose -3*y + 84 = -36. Let x be y/180 - 61/(-9). Calculate the highest common divisor of 91 and x.
7
Let q be -5*(8 + (-1134)/15). Calculate the highest common factor of q and 130.
26
Let o be 4 - (-7)/(28/96). Suppose -4*l + 229 = 5*b - 1, -57 = -b - 3*l. What is the greatest common divisor of b and o?
14
Let m(c) = c**3 - 5*c**2 - 9*c - 5. Let g be m(7). Suppose 4*s = 3*a + 45, a - 5*a - 20 = -2*s. Calculate the highest common factor of g and s.
6
Let t(j) = -5*j - 32. Let a be t(-7). Suppose 2*g - 2*v - 6 = 0, 2*v = a*g - 2*v - 7. Calculate the highest common divisor of g and 55.
5
Let a(r) = 2*r**2 - 6*r + 2*r**2 + 5*r**2 + 9. Let m be a(3). What is the highest common divisor of m and 9?
9
Let d(j) = 2 - j**2 - 6 - 6 - 19*j + 2. Let x be d(-13). Calculate the highest common divisor of 28 and x.
14
Suppose 0*n + 4*n = 216. Suppose 0 = 4*v - 9 - 15. What is the greatest common divisor of v and n?
6
Suppose -2*j - 2*q + 136 = 0, 2*q = -j - q + 60. Calculate the greatest common divisor of 9 and j.
9
Let a(f) = -891*f - 9. Let h be a(-4). Suppose h = 5*r - 195. Let j be r/24 + 2/(-8). Calculate the highest common divisor of 217 and j.
31
Let y = 5195 + -5189. Let u(q) = 4*q**2 + 6*q + 2. Let f be u(-4). Calculate the highest common factor of f and y.
6
Suppose -4*d = -62 - 114. Calculate the highest common divisor of 44 and d.
44
Suppose 3*h + 5*m = 160, -12*m + 70 = 2*h - 16*m. Calculate the highest common divisor of h and 99.
9
Let b = -367 + 987. Suppose 4*a - 580 = -4*s, 2*s + 2*s = 4*a + b. Suppose -5*m - s = -10*m. What is the greatest common factor of 60 and m?
30
Suppose -4*p = 5*u - 617, 3*u + 5*p - 154 = 224. Suppose -88 = -15*l + 7*l. What is the greatest common factor of l and u?
11
Let o = -9 + 39. Suppose 26*w - 19*w = 140. What is the greatest common divisor of w and o?
10
Suppose -v + 3 = -3*m, -3*m = -3*v - m + 44. What is the greatest common factor of 90 and v?
18
Let y be (-135)/(-9) + (2 - 2) + -3. Calculate the highest common divisor of 318 and y.
6
Let n = -161 + 233. What is the highest common divisor of 18 and n?
18
Let t be (-15 - -7) + 1249 - (7 + -2). What is the greatest common factor of 12 and t?
12
Let f(i) = -i. Let x(h) = -29*h + 9. Let b(v) = 3*f(v) - x(v). Let n be b(5). Calculate the highest common divisor of 11 and n.
11
Suppose -9*i + 5*i + 291 = 3*y, -4*y + 369 = -i. What is the highest common divisor of y and 124?
31
Let c(d) = -d**3 - 15*d**2 + 36. Let k be c(-15). Calculate the highest common divisor of 108 and k.
36
Let a be ((-13)/52)/(2/8). Suppose -3*u + 6 = 0, -26 = p + p - 3*u. Let s = a - p. What is the highest common factor of 3 and s?
3
Let i = -302 + 322. Calculate the highest common divisor of i and 16.
4
Suppose w + 2*b - 16 = 0, w + 5*b - 17 = 2*b. Let t = w + -8. Suppose 59 = -2*g + 67. Calculate the greatest common factor of t and g.
2
Suppose -18*i - 4*i + 660 = 0. What is the greatest common factor of i and 20?
10
Let s(o) = o**2 + 2*o + 2. Let m be s(-4). Suppose -7*b = -4*b - 648. Suppose h = -5*y + 105, h = -h - 4*y + b. What is the highest common factor of m and h?
10
Suppose 2*n + 5*v + 22 = 0, -2*n - n + 5*v + 17 = 0. Let l(b) = -38*b + 1. Let y be l(n). Let m = 90 + -64. Calculate the highest common factor of y and m.
13
Let u(h) = 102*h + 26. Let z be u(6). What is the highest common divisor of 58 and z?
58
Let n = -526 - -1043. Calculate the highest common factor of 94 and n.
47
Let t = -98 + 230. Let r = 5 - 2. Suppose -r*u = -25 - 11. Calculate the highest common divisor of u and t.
12
Suppose 4*u + u = -155. Let t = u + 18. Let